{"id":50,"date":"2024-12-29T13:55:01","date_gmt":"2024-12-29T12:55:01","guid":{"rendered":"https:\/\/zupnija-svibno.si\/?page_id=50"},"modified":"2025-03-16T14:36:40","modified_gmt":"2025-03-16T13:36:40","slug":"podruznicna-cerkev-svete-trojice-cimerno","status":"publish","type":"page","link":"https:\/\/zupnija-svibno.si\/index.php\/cerkve\/podruznicna-cerkev-svete-trojice-cimerno\/","title":{"rendered":"Podru\u017eni\u010dna cerkev Svete Trojice \u010cimerno"},"content":{"rendered":"\n<figure class=\"wp-block-gallery has-nested-images columns-default is-cropped wp-block-gallery-1 is-layout-flex wp-block-gallery-is-layout-flex\">\n\n\n\n\n\n\n<figure class=\"wp-block-image size-large\"><img loading=\"lazy\" decoding=\"async\" width=\"2676\" height=\"1682\" data-id=\"102\" src=\"https:\/\/zupnija-svibno.si\/wp-content\/uploads\/2025\/01\/cimerno-1.jpg\" alt=\"\" class=\"wp-image-102\"\/><\/figure>\n<\/figure>\n\n\n\n<p>Prva ohranjena oblika zapisa imena kraja, Hemerperg, je iz okoli leta 1400. Janez Vajkard Valvasor zanj zapi\u0161e \u00bbZhemernu oder Himmelberg\u00ab. Tudi poznej\u0161e dvojne oznake ka\u017eejo, da gre za vas \u010cimemo na manj\u0161i planoti z 805 m n. v. pod vrhom Nebe\u0161ke gore (958 m n. v.). \u010cimerno, vas na pobo\u010dju Kuma, je najvi\u0161je le\u017ee\u010da podru\u017enica \u017eupnije Svibno. Dostop do vasi je po asfaltni cesti iz doline Sopote z odcepom na Njivicah. Skozi vas pelje pe\u0161pot na Kum (1220 m) iz smeri Rade\u010d, Jagnjenice in Zagrada. Bli\u017enja Nebe\u0161ka gora je priljubljena pohodni\u0161ka to\u010dka. Jedro vasi sestavlja pet doma\u010dij, pet ostalih je v okolici. Naselje \u0161teje petintrideset prebivalcev.<\/p>\n\n\n\n<p><p><img loading=\"lazy\" decoding=\"async\" width=\"6016\" height=\"4016\" class=\"wp-image-104\" src=\"https:\/\/zupnija-svibno.si\/wp-content\/uploads\/2025\/01\/cimerno1.jpg\" alt=\"\"><\/p>\n<p>Podru\u017eni\u010dna cerkev sv. Trojice na majhni vzpetini nad vasjo pa pri\u010da o stoletni povezanosti va\u0161\u010danov s kr\u0161\u010danstvom in Cerkvijo. V ju\u017eni steni je ohranjeno manj\u0161e lijakasto romansko okno. Poznogotsko renesan\u010dne freske, fragmentarno ohranjene, so iz let okoli 1520\u20131530. Na severni steni je bil naslikan ciklus sedmih prizorov Kri\u017eevega pota, na slavoloku Mati bo\u017eja z otrokom, Doroteja, \u0161koljkasta ni\u0161a idr.<\/p>\n<p><img loading=\"lazy\" decoding=\"async\" width=\"6016\" height=\"4016\" class=\"wp-image-103\" src=\"https:\/\/zupnija-svibno.si\/wp-content\/uploads\/2025\/01\/cimerno2.jpg\" alt=\"\"><\/p>\n<p>Za glavnim oltarjem, ki je iz leta 1862, je napis: \u00bbCerkev zidana 1548\/obokana 1862\u00ab. Prenove so bile v 17. stoletju (vi\u0161ji prezbiterij, prvo obokanje zvi\u0161ane ladje, ve\u017ea z menzo in freska Kri\u017eanega), v 18. stoletju (prizidava zvonika), leta 1862 (nova okna, pevska empora in dvig zvonika za eta\u017eo zvonov). V prezbiteriju je \u0161e kip sv. Antona Pu\u0161\u010davnika. Zadnja, zgledna obnova sveti\u0161\u010da je bila leta 1997. Obnovitvena dela je blagoslovil \u0161kof Alojz Uran.<\/p>\n<p><img loading=\"lazy\" decoding=\"async\" width=\"6016\" height=\"4016\" class=\"wp-image-105\" src=\"https:\/\/zupnija-svibno.si\/wp-content\/uploads\/2025\/01\/cimerno3.jpg\" alt=\"\"><\/p><\/p>\n","protected":false},"excerpt":{"rendered":"<p>Prva ohranjena oblika zapisa imena kraja, Hemerperg, je iz okoli leta 1400. Janez Vajkard Valvasor zanj zapi\u0161e \u00bbZhemernu oder Himmelberg\u00ab. Tudi poznej\u0161e dvojne oznake ka\u017eejo, da gre za vas \u010cimemo na manj\u0161i planoti z 805 m n. v. pod vrhom Nebe\u0161ke gore (958 m n. v.). \u010cimerno, vas na pobo\u010dju Kuma, je najvi\u0161je le\u017ee\u010da podru\u017enica [&hellip;]<\/p>\n","protected":false},"author":1,"featured_media":0,"parent":41,"menu_order":0,"comment_status":"closed","ping_status":"closed","template":"","meta":{"footnotes":""},"class_list":["post-50","page","type-page","status-publish","hentry"],"jetpack_sharing_enabled":true,"jetpack-related-posts":[],"_links":{"self":[{"href":"https:\/\/zupnija-svibno.si\/index.php\/wp-json\/wp\/v2\/pages\/50","targetHints":{"allow":["GET"]}}],"collection":[{"href":"https:\/\/zupnija-svibno.si\/index.php\/wp-json\/wp\/v2\/pages"}],"about":[{"href":"https:\/\/zupnija-svibno.si\/index.php\/wp-json\/wp\/v2\/types\/page"}],"author":[{"embeddable":true,"href":"https:\/\/zupnija-svibno.si\/index.php\/wp-json\/wp\/v2\/users\/1"}],"replies":[{"embeddable":true,"href":"https:\/\/zupnija-svibno.si\/index.php\/wp-json\/wp\/v2\/comments?post=50"}],"version-history":[{"count":5,"href":"https:\/\/zupnija-svibno.si\/index.php\/wp-json\/wp\/v2\/pages\/50\/revisions"}],"predecessor-version":[{"id":457,"href":"https:\/\/zupnija-svibno.si\/index.php\/wp-json\/wp\/v2\/pages\/50\/revisions\/457"}],"up":[{"embeddable":true,"href":"https:\/\/zupnija-svibno.si\/index.php\/wp-json\/wp\/v2\/pages\/41"}],"wp:attachment":[{"href":"https:\/\/zupnija-svibno.si\/index.php\/wp-json\/wp\/v2\/media?parent=50"}],"curies":[{"name":"wp","href":"https:\/\/api.w.org\/{rel}","templated":true}]}}