{"id":43,"date":"2024-12-29T13:53:40","date_gmt":"2024-12-29T12:53:40","guid":{"rendered":"https:\/\/zupnija-svibno.si\/?page_id=43"},"modified":"2025-03-24T23:32:11","modified_gmt":"2025-03-24T22:32:11","slug":"zupnijska-cerkev-povisanja-svetega-kriza-svibno","status":"publish","type":"page","link":"https:\/\/zupnija-svibno.si\/index.php\/cerkve\/zupnijska-cerkev-povisanja-svetega-kriza-svibno\/","title":{"rendered":"\u017dupnijska cerkev Povi\u0161anja Svetega Kri\u017ea Svibno"},"content":{"rendered":"\r\n<figure class=\"wp-block-gallery has-nested-images columns-default is-cropped wp-block-gallery-1 is-layout-flex wp-block-gallery-is-layout-flex\">\r\n<figure class=\"wp-block-image size-large\"><img loading=\"lazy\" decoding=\"async\" data-id=\"107\" class=\"alignnone  wp-image-393\" src=\"https:\/\/zupnija-svibno.si\/wp-content\/uploads\/2025\/03\/IMG_2608a-1-300x198.jpg\" alt=\"\" width=\"1914\" height=\"1263\" srcset=\"https:\/\/zupnija-svibno.si\/wp-content\/uploads\/2025\/03\/IMG_2608a-1-300x198.jpg 300w, https:\/\/zupnija-svibno.si\/wp-content\/uploads\/2025\/03\/IMG_2608a-1-1024x675.jpg 1024w, https:\/\/zupnija-svibno.si\/wp-content\/uploads\/2025\/03\/IMG_2608a-1-768x506.jpg 768w, https:\/\/zupnija-svibno.si\/wp-content\/uploads\/2025\/03\/IMG_2608a-1-1536x1013.jpg 1536w, https:\/\/zupnija-svibno.si\/wp-content\/uploads\/2025\/03\/IMG_2608a-1-2048x1350.jpg 2048w\" sizes=\"auto, (max-width: 1914px) 100vw, 1914px\" \/><\/figure>\r\n<\/figure>\r\n\r\n\r\n\r\n<p>Svibno, kjer se prepletata idilika pokrajine in trdota \u017eivljenja, je razlo\u017eeno na sedlu med Grajskim hribom in Legnanskim vrhom. Na Svibnem \u017eivi 151 prebivalcev, delavskega, obrtni\u0161kega in kme\u010dkega stanu, ki so tako ali druga\u010de vpeti v \u017eupnijsko in dru\u017ebeno dogajanje.<\/p>\r\n<p><img loading=\"lazy\" decoding=\"async\" class=\"alignnone  wp-image-539\" src=\"https:\/\/zupnija-svibno.si\/wp-content\/uploads\/2025\/03\/IMG_6311-300x200.jpg\" alt=\"\" width=\"2036\" height=\"1357\" srcset=\"https:\/\/zupnija-svibno.si\/wp-content\/uploads\/2025\/03\/IMG_6311-300x200.jpg 300w, https:\/\/zupnija-svibno.si\/wp-content\/uploads\/2025\/03\/IMG_6311-1024x683.jpg 1024w, https:\/\/zupnija-svibno.si\/wp-content\/uploads\/2025\/03\/IMG_6311-768x512.jpg 768w, https:\/\/zupnija-svibno.si\/wp-content\/uploads\/2025\/03\/IMG_6311-1536x1024.jpg 1536w, https:\/\/zupnija-svibno.si\/wp-content\/uploads\/2025\/03\/IMG_6311-2048x1365.jpg 2048w\" sizes=\"auto, (max-width: 2036px) 100vw, 2036px\" \/><\/p>\r\n<p>Od desetih krajevnih dru\u0161tev, organizacij in ustanov imajo najdalj\u0161o zgodovino osnovna \u0161ola, enota Rde\u010dega kri\u017ea, prosvetno in gasilsko dru\u0161tvo ter cerkveni pevski zbor. Ljudski pevci dopolnjujejo opevano tradicijo petja v kraju. Dru\u0161tvo kme\u010dkih \u017eena Arnika je odraz vsestransko ustvarjalnega kme\u010dkega \u017eivlja.<\/p>\r\n\r\n\r\n\r\n<figure class=\"wp-block-image size-large\"><img loading=\"lazy\" decoding=\"async\" width=\"1024\" height=\"683\" class=\"wp-image-233\" src=\"https:\/\/zupnija-svibno.si\/wp-content\/uploads\/2025\/03\/svibno_noter-2-1024x683.jpg\" alt=\"\" srcset=\"https:\/\/zupnija-svibno.si\/wp-content\/uploads\/2025\/03\/svibno_noter-2-1024x683.jpg 1024w, https:\/\/zupnija-svibno.si\/wp-content\/uploads\/2025\/03\/svibno_noter-2-300x200.jpg 300w, https:\/\/zupnija-svibno.si\/wp-content\/uploads\/2025\/03\/svibno_noter-2-768x512.jpg 768w, https:\/\/zupnija-svibno.si\/wp-content\/uploads\/2025\/03\/svibno_noter-2-1536x1024.jpg 1536w, https:\/\/zupnija-svibno.si\/wp-content\/uploads\/2025\/03\/svibno_noter-2-2048x1365.jpg 2048w\" sizes=\"auto, (max-width: 1024px) 100vw, 1024px\" \/><\/figure>\r\n\r\n\r\n\r\n<p>Na dalj\u0161e obdobje ob\u010dine Svibno v 19. in 20. stoletju spominja dragocena zapu\u0161\u010dina obeh \u017eupanov, Antona Bervarja in Josipa Pov\u0161eta. Grajsko pobo\u010dje krasita klasi\u010dno nahajali\u0161\u010de kranjskega \u0161ebenika in kro\u017ena procesijska pot.<\/p>\r\n<p><img loading=\"lazy\" decoding=\"async\" class=\"alignnone  wp-image-323\" src=\"https:\/\/zupnija-svibno.si\/wp-content\/uploads\/2025\/03\/DSCF4462-300x200.jpg\" alt=\"\" width=\"1994\" height=\"1329\" srcset=\"https:\/\/zupnija-svibno.si\/wp-content\/uploads\/2025\/03\/DSCF4462-300x200.jpg 300w, https:\/\/zupnija-svibno.si\/wp-content\/uploads\/2025\/03\/DSCF4462-1024x683.jpg 1024w, https:\/\/zupnija-svibno.si\/wp-content\/uploads\/2025\/03\/DSCF4462-768x512.jpg 768w, https:\/\/zupnija-svibno.si\/wp-content\/uploads\/2025\/03\/DSCF4462-1536x1024.jpg 1536w, https:\/\/zupnija-svibno.si\/wp-content\/uploads\/2025\/03\/DSCF4462-2048x1365.jpg 2048w\" sizes=\"auto, (max-width: 1994px) 100vw, 1994px\" \/><\/p>\r\n<p>Skozi Svibno in okolico vodi Turisti\u010dno-zgodovinska gozdna u\u010dna pot. Ajdov grob, rimska cesta, \u017eegnanski studenec, Jera\u010deva stebrasta smreka, zimsko smu\u010di\u0161\u010de, etnolo\u0161ka zbirka pri Klju\u010dev\u0161kovih, verska znamenja, nekdanje \u017eupni\u0161\u010de na Pristavi, stoletno domovanje svibenskih \u017eupnikov, \u017eupnijska cerkev in podru\u017eni\u010dna cerkev sv. Janeza Evangelista, prva svibenska \u0161ola v me\u017enariji so njegova \u010dudesa, dragoceni pomniki bogate preteklosti in veljave, ponos in trajna zakladnica faranov in krajanov.<\/p>\r\n<p>\r\n\r\n<\/p>\r\n<figure class=\"wp-block-image size-full is-resized\"><img loading=\"lazy\" decoding=\"async\" width=\"2560\" height=\"1707\" class=\"wp-image-385\" style=\"width: 826px; height: 552px;\" src=\"https:\/\/zupnija-svibno.si\/wp-content\/uploads\/2025\/03\/IMG_5874-scaled.jpg\" alt=\"\" srcset=\"https:\/\/zupnija-svibno.si\/wp-content\/uploads\/2025\/03\/IMG_5874-scaled.jpg 2560w, https:\/\/zupnija-svibno.si\/wp-content\/uploads\/2025\/03\/IMG_5874-300x200.jpg 300w, https:\/\/zupnija-svibno.si\/wp-content\/uploads\/2025\/03\/IMG_5874-1024x683.jpg 1024w, https:\/\/zupnija-svibno.si\/wp-content\/uploads\/2025\/03\/IMG_5874-768x512.jpg 768w, https:\/\/zupnija-svibno.si\/wp-content\/uploads\/2025\/03\/IMG_5874-1536x1024.jpg 1536w, https:\/\/zupnija-svibno.si\/wp-content\/uploads\/2025\/03\/IMG_5874-2048x1365.jpg 2048w\" sizes=\"auto, (max-width: 2560px) 100vw, 2560px\" \/><\/figure>\r\n<p>\r\n\r\n<\/p>\r\n<p>Farna cerkev sv. Kri\u017ea so pozidali gospodje Svibenski verjetno \u017ee v 12. stoletju kot lastni\u0161ko cerkev in imeli nad njo patronat. Valvasor je zapisal: \u00bbTo potrjujejo tudi okenska stekla (v cerkvi), na katerih vidimo naslikane osebe v naravni velikosti in v popolnem oklepu, ki imajo na \u0161lemih in \u010depicah tak\u0161na peresa, kakor jih imajo svibenski gospodje v grbih na svojih \u010deladah.\u00ab Leta 1276 je znana prva omemba cerkve sv. Kri\u017ea.<\/p>\r\n<p>\r\n\r\n<\/p>\r\n<div class=\"wp-block-columns is-layout-flex wp-container-core-columns-is-layout-28f84493 wp-block-columns-is-layout-flex\">\r\n<div class=\"wp-block-column is-layout-flow wp-block-column-is-layout-flow\" style=\"flex-basis: 100%;\">\r\n<figure class=\"wp-block-image size-large\"><img loading=\"lazy\" decoding=\"async\" class=\"wp-image-384\" style=\"aspect-ratio: 3\/2; object-fit: cover;\" src=\"https:\/\/zupnija-svibno.si\/wp-content\/uploads\/2025\/03\/DSC08660-1-1024x683.jpg\" alt=\"\" width=\"1860\" height=\"1240\" srcset=\"https:\/\/zupnija-svibno.si\/wp-content\/uploads\/2025\/03\/DSC08660-1-1024x683.jpg 1024w, https:\/\/zupnija-svibno.si\/wp-content\/uploads\/2025\/03\/DSC08660-1-300x200.jpg 300w, https:\/\/zupnija-svibno.si\/wp-content\/uploads\/2025\/03\/DSC08660-1-768x512.jpg 768w, https:\/\/zupnija-svibno.si\/wp-content\/uploads\/2025\/03\/DSC08660-1-1536x1025.jpg 1536w, https:\/\/zupnija-svibno.si\/wp-content\/uploads\/2025\/03\/DSC08660-1-2048x1366.jpg 2048w\" sizes=\"auto, (max-width: 1860px) 100vw, 1860px\" \/><\/figure>\r\n<figure class=\"wp-block-image size-large\">Cerkev z zahodno in ju\u017eno steno kot ostanki prvotne cerkve je s pokopali\u0161\u010dem in lo\u010denim zvonikom vklenjena v mogo\u010dno taborsko obzidje iz 15. stoletja. Slogovno se razpenja od romanike, gotike, baroka do neoromanike. Med obnovo v osemdesetih letih so pri\u0161le znova na dan fragmentarno ohranjene freske, romanska in gotska okna ter raven lesen, dekoriran strop. V njej je bila tudi odkrita grobnica Svibenskih. V cerkvi pa \u017ee dolgo ni ve\u010d nagrobnika Viljema V. Svibenskega iz leta 1397 z napisom in upodobitvijo svibenskega grba \u2013 zlata krona na modrem polju \u2013 ter vite\u0161ke lo\u017ee na mestu pevske empore.<\/figure>\r\n<\/div>\r\n<\/div>\r\n<p>\r\n\r\n<\/p>\r\n<p>\r\n\r\n<\/p>\r\n<p>\r\n\r\n<\/p>\r\n<figure class=\"wp-block-image size-full\"><img loading=\"lazy\" decoding=\"async\" class=\"wp-image-387\" src=\"https:\/\/zupnija-svibno.si\/wp-content\/uploads\/2025\/03\/DSC_3527-1024x684-1.jpg\" alt=\"\" width=\"1961\" height=\"1310\" srcset=\"https:\/\/zupnija-svibno.si\/wp-content\/uploads\/2025\/03\/DSC_3527-1024x684-1.jpg 1024w, https:\/\/zupnija-svibno.si\/wp-content\/uploads\/2025\/03\/DSC_3527-1024x684-1-300x200.jpg 300w, https:\/\/zupnija-svibno.si\/wp-content\/uploads\/2025\/03\/DSC_3527-1024x684-1-768x513.jpg 768w\" sizes=\"auto, (max-width: 1961px) 100vw, 1961px\" \/><\/figure>\r\n<p>\r\n\r\n<\/p>\r\n<p>Od opreme v cerkvi so najve\u010djega pomena baro\u010dni glavni oltar sv. Kri\u017ea, na stranskem oltarju gotska So\u010dutna iz okoli 1415, zgodnjebaro\u010dna podoba sv. Notburge, v baro\u010dni tradiciji na platnu naslikan kri\u017eev pot, gla\u017eutarski lestenec, freskirana krstilnica, zakristijska vrata iz tur\u0161kih \u0161\u010ditov, v zvoniku mali bronastizvon iz leta 1712. Cerkev je bila v celoti obnovljena leta 1995, podporni pokopali\u0161ki zid na zahodni strani leta 2008. V letih 2010\/12 je dobila nove klopi, tlak, razsvetljavo in ozvo\u010denje, spovednico, daritveni oltar in ambon ter bele\u017e notranj\u0161\u010dine. Dostojno obnovljeno sveti\u0161\u010de predstavlja najlep\u0161o izkaznico in razglednico \u017eupnije in kraja.<\/p>\r\n<p><\/p>","protected":false},"excerpt":{"rendered":"<p>Svibno, kjer se prepletata idilika pokrajine in trdota \u017eivljenja, je razlo\u017eeno na sedlu med Grajskim hribom in Legnanskim vrhom. Na Svibnem \u017eivi 151 prebivalcev, delavskega, obrtni\u0161kega in kme\u010dkega stanu, ki so tako ali druga\u010de vpeti v \u017eupnijsko in dru\u017ebeno dogajanje. Od desetih krajevnih dru\u0161tev, organizacij in ustanov imajo najdalj\u0161o zgodovino osnovna \u0161ola, enota Rde\u010dega kri\u017ea, [&hellip;]<\/p>\n","protected":false},"author":1,"featured_media":0,"parent":41,"menu_order":0,"comment_status":"closed","ping_status":"closed","template":"","meta":{"footnotes":""},"class_list":["post-43","page","type-page","status-publish","hentry"],"jetpack_sharing_enabled":true,"jetpack-related-posts":[],"_links":{"self":[{"href":"https:\/\/zupnija-svibno.si\/index.php\/wp-json\/wp\/v2\/pages\/43","targetHints":{"allow":["GET"]}}],"collection":[{"href":"https:\/\/zupnija-svibno.si\/index.php\/wp-json\/wp\/v2\/pages"}],"about":[{"href":"https:\/\/zupnija-svibno.si\/index.php\/wp-json\/wp\/v2\/types\/page"}],"author":[{"embeddable":true,"href":"https:\/\/zupnija-svibno.si\/index.php\/wp-json\/wp\/v2\/users\/1"}],"replies":[{"embeddable":true,"href":"https:\/\/zupnija-svibno.si\/index.php\/wp-json\/wp\/v2\/comments?post=43"}],"version-history":[{"count":24,"href":"https:\/\/zupnija-svibno.si\/index.php\/wp-json\/wp\/v2\/pages\/43\/revisions"}],"predecessor-version":[{"id":540,"href":"https:\/\/zupnija-svibno.si\/index.php\/wp-json\/wp\/v2\/pages\/43\/revisions\/540"}],"up":[{"embeddable":true,"href":"https:\/\/zupnija-svibno.si\/index.php\/wp-json\/wp\/v2\/pages\/41"}],"wp:attachment":[{"href":"https:\/\/zupnija-svibno.si\/index.php\/wp-json\/wp\/v2\/media?parent=43"}],"curies":[{"name":"wp","href":"https:\/\/api.w.org\/{rel}","templated":true}]}}