{"id":37,"date":"2024-12-29T13:53:04","date_gmt":"2024-12-29T12:53:04","guid":{"rendered":"https:\/\/zupnija-svibno.si\/?page_id=37"},"modified":"2025-03-16T12:33:36","modified_gmt":"2025-03-16T11:33:36","slug":"molitvena-skupina","status":"publish","type":"page","link":"https:\/\/zupnija-svibno.si\/index.php\/skupine\/molitvena-skupina\/","title":{"rendered":"Molitvena skupina"},"content":{"rendered":"<p>Molitvena skupina deluje pod okriljem \u017dupnijske celice za evangelizacijo od leta 2006. Le-ta ima nalogo raz\u0161irjanje Bo\u017ejega kraljestva med ljudmi. \u00bbPri\u010dni deliti z drugimi tisto malo Jezusa, ki si ga sre\u010dal.\u00ab Trenutno se shaja pet starej\u0161ih \u017eena v jagnjeni\u0161ki cerkvi ob ponedeljkih in so odprte za nove \u010dlane. Vedno je ob sre\u010danju tudi izpostavljeno Najsvetej\u0161e. Najprej je molitev obi\u010dajnega ro\u017enega venca in ro\u017eni venec Bo\u017ejega usmiljenja. Nato je blagoslov z Najsvetej\u0161im in sv. ma\u0161a. Zatem se molivke zberejo v zgornji u\u010dilnici ter pojejo, berejo Sveto pismo, si povedo \u017eivljenjske izku\u0161nje, molijo in prosijo Gospoda po na\u010delih Celice za evangelizacijo. Kadar katera \u010dlanica praznuje rojstni dan, tudi skupaj praznujejo. Danes se zbirajo: Alojzija Starina (voditeljica), Marinka Medved, Marija Zajec, Olga Cerk in Katarina Lazar.<\/p>\r\n","protected":false},"excerpt":{"rendered":"<p>Molitvena skupina deluje pod okriljem \u017dupnijske celice za evangelizacijo od leta 2006. Le-ta ima nalogo raz\u0161irjanje Bo\u017ejega kraljestva med ljudmi. \u00bbPri\u010dni deliti z drugimi tisto malo Jezusa, ki si ga sre\u010dal.\u00ab Trenutno se shaja pet starej\u0161ih \u017eena v jagnjeni\u0161ki cerkvi ob ponedeljkih in so odprte za nove \u010dlane. Vedno je ob sre\u010danju tudi izpostavljeno Najsvetej\u0161e. [&hellip;]<\/p>\n","protected":false},"author":1,"featured_media":0,"parent":153,"menu_order":0,"comment_status":"closed","ping_status":"closed","template":"","meta":{"footnotes":""},"class_list":["post-37","page","type-page","status-publish","hentry"],"jetpack_sharing_enabled":true,"jetpack-related-posts":[],"_links":{"self":[{"href":"https:\/\/zupnija-svibno.si\/index.php\/wp-json\/wp\/v2\/pages\/37","targetHints":{"allow":["GET"]}}],"collection":[{"href":"https:\/\/zupnija-svibno.si\/index.php\/wp-json\/wp\/v2\/pages"}],"about":[{"href":"https:\/\/zupnija-svibno.si\/index.php\/wp-json\/wp\/v2\/types\/page"}],"author":[{"embeddable":true,"href":"https:\/\/zupnija-svibno.si\/index.php\/wp-json\/wp\/v2\/users\/1"}],"replies":[{"embeddable":true,"href":"https:\/\/zupnija-svibno.si\/index.php\/wp-json\/wp\/v2\/comments?post=37"}],"version-history":[{"count":3,"href":"https:\/\/zupnija-svibno.si\/index.php\/wp-json\/wp\/v2\/pages\/37\/revisions"}],"predecessor-version":[{"id":432,"href":"https:\/\/zupnija-svibno.si\/index.php\/wp-json\/wp\/v2\/pages\/37\/revisions\/432"}],"up":[{"embeddable":true,"href":"https:\/\/zupnija-svibno.si\/index.php\/wp-json\/wp\/v2\/pages\/153"}],"wp:attachment":[{"href":"https:\/\/zupnija-svibno.si\/index.php\/wp-json\/wp\/v2\/media?parent=37"}],"curies":[{"name":"wp","href":"https:\/\/api.w.org\/{rel}","templated":true}]}}